inder when 22 is divided by 14?
8
Calculate the remainder when 1167 is divided by 128.
15
What is the remainder when 363 is divided by 23?
18
Calculate the remainder when 3000 is divided by 16.
8
What is the remainder when 119 is divided by 5?
4
What is the remainder when 296 is divided by 20?
16
What is the remainder when 388 is divided by 18?
10
What is the remainder when 520 is divided by 54?
34
What is the remainder when 2854 is divided by 10?
4
Calculate the remainder when 1363 is divided by 81.
67
What is the remainder when 102 is divided by 25?
2
Calculate the remainder when 286 is divided by 29.
25
Calculate the remainder when 1080 is divided by 57.
54
What is the remainder when 88 is divided by 3?
1
What is the remainder when 6728 is divided by 160?
8
Calculate the remainder when 381 is divided by 183.
15
Calculate the remainder when 1125 is divided by 556.
13
Calculate the remainder when 95 is divided by 10.
5
Calculate the remainder when 125 is divided by 66.
59
What is the remainder when 41 is divided by 19?
3
Calculate the remainder when 558 is divided by 47.
41
What is the remainder when 169 is divided by 57?
55
What is the remainder when 2697 is divided by 103?
19
Calculate the remainder when 366 is divided by 16.
14
Calculate the remainder when 28 is divided by 15.
13
What is the remainder when 123 is divided by 49?
25
What is the remainder when 116 is divided by 33?
17
What is the remainder when 478 is divided by 40?
38
Calculate the remainder when 6422 is divided by 99.
86
Calculate the remainder when 1640 is divided by 22.
12
What is the remainder when 73 is divided by 13?
8
Calculate the remainder when 162 is divided by 12.
6
Calculate the remainder when 2742 is divided by 682.
14
What is the remainder when 266 is divided by 54?
50
What is the remainder when 223 is divided by 47?
35
Calculate the remainder when 332 is divided by 152.
28
What is the remainder when 1382 is divided by 681?
20
Calculate the remainder when 931 is divided by 105.
91
Calculate the remainder when 3768 is divided by 26.
24
Calculate the remainder when 479 is divided by 8.
7
What is the remainder when 266 is divided by 15?
11
What is the remainder when 596 is divided by 43?
37
Calculate the remainder when 24351 is divided by 22.
19
What is the remainder when 187 is divided by 96?
91
Calculate the remainder when 1343 is divided by 42.
41
Calculate the remainder when 124 is divided by 15.
4
What is the remainder when 1819 is divided by 143?
103
What is the remainder when 390 is divided by 189?
12
Calculate the remainder when 5919 is divided by 1972.
3
Calculate the remainder when 147 is divided by 25.
22
What is the remainder when 2734 is divided by 25?
9
Calculate the remainder when 5151 is divided by 8.
7
Calculate the remainder when 238 is divided by 25.
13
Calculate the remainder when 14 is divided by 10.
4
Calculate the remainder when 1816 is divided by 182.
178
Calculate the remainder when 8865 is divided by 286.
285
What is the remainder when 620 is divided by 152?
12
Calculate the remainder when 164 is divided by 47.
23
Calculate the remainder when 235 is divided by 15.
10
What is the remainder when 262 is divided by 16?
6
Calculate the remainder when 738 is divided by 42.
24
Calculate the remainder when 3874 is divided by 17.
15
Calculate the remainder when 208 is divided by 53.
49
Calculate the remainder when 84 is divided by 32.
20
Calculate the remainder when 1217 is divided by 111.
107
Calculate the remainder when 10545 is divided by 293.
290
What is the remainder when 680 is divided by 186?
122
Calculate the remainder when 70 is divided by 26.
18
What is the remainder when 627 is divided by 79?
74
Calculate the remainder when 19 is divided by 4.
3
Calculate the remainder when 281 is divided by 32.
25
What is the remainder when 9630 is divided by 56?
54
What is the remainder when 29 is divided by 20?
9
What is the remainder when 3823 is divided by 953?
11
Calculate the remainder when 66 is divided by 22.
0
What is the remainder when 438 is divided by 436?
2
Calculate the remainder when 320 is divided by 312.
8
Calculate the remainder when 1565 is divided by 29.
28
Calculate the remainder when 791 is divided by 13.
11
Calculate the remainder when 1158 is divided by 9.
6
What is the remainder when 988 is divided by 43?
42
Calculate the remainder when 2810 is divided by 38.
36
Calculate the remainder when 249 is divided by 77.
18
Calculate the remainder when 59 is divided by 29.
1
What is the remainder when 350 is divided by 27?
26
Calculate the remainder when 79 is divided by 21.
16
Calculate the remainder when 1006 is divided by 14.
12
Calculate the remainder when 123 is divided by 25.
23
Calculate the remainder when 6393 is divided by 23.
22
What is the remainder when 8216 is divided by 11?
10
What is the remainder when 66 is divided by 17?
15
Calculate the remainder when 242 is divided by 46.
12
Calculate the remainder when 195 is divided by 28.
27
Calculate the remainder when 561 is divided by 120.
81
What is the remainder when 1002 is divided by 17?
16
What is the remainder when 221 is divided by 113?
108
What is the remainder when 205 is divided by 98?
9
What is the remainder when 1150 is divided by 144?
142
Calculate the remainder when 342 is divided by 69.
66
Calculate the remainder when 103 is divided by 25.
3
Calculate the remainder when 134 is divided by 48.
38
Calculate the remainder when 7450 is divided by 21.
16
What is the remainder when 432 is divided by 244?
188
What is the remainder when 207 is divided by 35?
32
Calculate the remainder when 274 is divided by 3.
1
What is the remainder when 2170 is divided by 135?
10
What is the remainder when 412 is divided by 202?
8
Calculate the remainder when 626 is divided by 11.
10
What is the remainder when 110 is divided by 30?
20
What is the remainder when 51 is divided by 11?
7
What is the remainder when 128 is divided by 18?
2
Calculate the remainder when 192 is divided by 51.
39
Calculate the remainder when 341 is divided by 333.
8
Calculate the remainder when 127 is divided by 66.
61
What is the remainder when 431 is divided by 48?
47
What is the remainder when 223 is divided by 86?
51
Calculate the remainder when 1101 is divided by 85.
81
Calculate the remainder when 137 is divided by 20.
17
What is the remainder when 297 is divided by 22?
11
Calculate the remainder when 28983 is divided by 17.
15
Calculate the remainder when 268 is divided by 3.
1
Calculate the remainder when 1261 is divided by 127.
118
Calculate the remainder when 157 is divided by 5.
2
Calculate the remainder when 1714 is divided by 12.
10
What is the remainder when 1096 is divided by 100?
96
Calculate the remainder when 45 is divided by 8.
5
What is the remainder when 52 is divided by 22?
8
What is the remainder when 3890 is divided by 64?
50
Calculate the remainder when 331 is divided by 98.
37
Calculate the remainder when 903 is divided by 226.
225
What is the remainder when 381 is divided by 37?
11
Calculate the remainder when 245 is divided by 79.
8
Calculate the remainder when 546 is divided by 50.
46
Calculate the remainder when 1445 is divided by 274.
75
What is the remainder when 122 is divided by 43?
36
Calculate the remainder when 281 is divided by 160.
121
What is the remainder when 451 is divided by 215?
21
Calculate the remainder when 87 is divided by 8.
7
What is the remainder when 1784 is divided by 105?
104
Calculate the remainder when 141 is divided by 65.
11
Calculate the remainder when 1067 is divided by 63.
59
Calculate the remainder when 375 is divided by 20.
15
Calculate the remainder when 354 is divided by 174.
6
Calculate the remainder when 404 is divided by 81.
80
What is the remainder when 726 is divided by 26?
24
What is the remainder when 306 is divided by 43?
5
Calculate the remainder when 33 is divided by 33.
0
Calculate the remainder when 1897 is divided by 473.
5
Calculate the remainder when 260 is divided by 41.
14
What is the remainder when 716 is divided by 90?
86
What is the remainder when 53 is divided by 7?
4
Calculate the remainder when 69376 is divided by 93.
91
What is the remainder when 3967 is divided by 32?
31
Calculate the remainder when 316 is divided by 10